2*t. Let i(m) = -4*m + 29. Let p be i(t). What is the greatest common divisor of p and 13?
13
Suppose 5*g - 550 = 5*v, v + 556 = -4*v + 2*g. Let n be (109/(-4) + 84/v)/(-2). Calculate the highest common divisor of n and 10.
2
Let m be 341 - ((-682)/(-165) - 6 - (-4)/(-30)). What is the highest common divisor of m and 1078?
49
Let t = -1740 - -1749. Let x be ((-4)/(-8))/(1/4). Let r be 2382/33 - x/11. What is the greatest common factor of r and t?
9
Let u = 54 + -181. Let z = 127 + u. Suppose z = 4*d - 317 - 451. What is the greatest common factor of d and 12?
12
Let d be -15*(-8)/(-12)*(1 - -1)/(-2). Calculate the greatest common divisor of d and 155.
5
Suppose -67 = -16*q - 3. Suppose 83 = q*p + 99, 5*m - 854 = p. What is the highest common divisor of 30 and m?
10
Let b(c) = -c**3 - 14*c**2 + 24*c - 63. Let q be b(-16). Calculate the greatest common divisor of 165 and q.
5
Suppose 15*a - 9405 = 48293 - 83. What is the highest common factor of a and 92?
23
Let s(g) = 20*g + 366. Let o be s(-12). Calculate the greatest common factor of 1701 and o.
63
Suppose 0 = 5*o + k - 1495, o = 2*o + 5*k - 299. Let u = -257 + o. Calculate the highest common divisor of 2 and u.
2
Let y be (-2)/(-4) + (-349)/(-2). Let j be (0 - 35)*(-2 + (-7 + 1 - -7)). What is the greatest common factor of y and j?
35
Let l = -1037 + 1102. What is the greatest common divisor of l and 50?
5
Let c(m) = -12*m**2 - 19*m - 2. Let j(k) = 2*k**2 - 1. Let b(l) = -c(l) - 5*j(l). Let i be b(-13). What is the highest common divisor of i and 49?
49
Suppose -80 + 62 = -3*h. Suppose n + n = h. Suppose 0 = -5*w + w - d + 358, n*d - 354 = -4*w. What is the highest common factor of 10 and w?
10
Let n be (-10)/6 + 671/183. What is the highest common factor of n and 5342?
2
Let h = 917808 + -917504. Let j(l) = -l**3 - 5*l**2 + l + 8. Let w = 13 - 19. Let n be j(w). Calculate the highest common divisor of h and n.
38
Suppose -101*a + 2431 = -72887 - 53861. What is the highest common factor of a and 1?
1
Let h = 54 - 55. Let n be 12 + 1 + (-3)/h. Suppose n = 2*t - t. What is the greatest common factor of t and 16?
16
Let k = 862 + -730. Suppose 2*n + 88 = -2*c + 296, -4*n = 5*c - 421. Calculate the highest common factor of k and n.
33
Let m(z) = z**3 + 132*z**2 + 75*z - 7171. Let p be m(-131). Calculate the greatest common factor of p and 209.
11
Let t = 1008 + -547. Suppose -2*v - 445 + t = 0. What is the greatest common divisor of 216 and v?
8
Let u be (-1 - -16)*(-6 - (0 + (-385)/21)). What is the highest common factor of u and 703?
37
Let v(s) = 6*s**2 + 13*s + 7. Let j be v(-6). Let b = j - -111. Suppose -62 + 158 = 3*q. What is the highest common factor of q and b?
32
Let s be 4/(-50) - (33108/(-100) + 84/12). What is the greatest common divisor of 1404 and s?
108
Suppose 0 = -43*q - 36*q - 58771 + 286765. Calculate the greatest common divisor of 12 and q.
6
Suppose 34*y + 1897350 + 4109574 = 265*y. What is the highest common divisor of y and 132?
132
Let f be (-174)/4*2/3. Let m be -4 - (f + 1) - 2. What is the greatest common divisor of 143 and m?
11
Let d(q) = -27*q - 30. Let n be d(-7). Let w = 190 - n. Calculate the highest common divisor of w and 31.
31
Let u = 37 - 37. Let o(s) = -111*s + 1. Let d be o(-3). Suppose u = 5*p - d - 646. Calculate the highest common factor of p and 28.
28
Let f(t) = 1456*t + 141. Let q be f(0). Calculate the greatest common divisor of q and 2726.
47
Suppose 10*g - 24 = 4*g. Let v(b) = 6*b**3 - 2*b**2 + 8*b - 33. Let i be v(g). Let p = -79 + 118. What is the greatest common factor of p and i?
39
Suppose -20*y + 36129 + 15921 = 5*y. Calculate the greatest common divisor of y and 48.
6
Let k(z) = 187*z + 5245. Let g be k(-27). Calculate the highest common divisor of g and 1078.
98
Let j(b) be the first derivative of 15*b**4 - 4*b**3/3 + 3*b**2/2 + 3*b + 15. Let p be j(2). Calculate the greatest common divisor of 43 and p.
43
Let t(j) = j + 37. Suppose -5*o + 2*z = 53, 4*z = -2*o - z - 27. Let f be t(o). What is the highest common factor of 8 and f?
2
Let d(j) = 38*j + 231. Let s be d(-6). Let p be 18/21*7 + s. Calculate the highest common divisor of 45 and p.
9
Suppose 2*y - 755 = 325. Suppose -158*j + 32238 = 1036*j. What is the highest common divisor of j and y?
27
Let h(c) = -c**2 + 14*c - 7. Let w be h(2). Suppose 5*y + w = -s, 3*s = 2*y - 7*y - 11. What is the highest common factor of 5 and s?
1
Let w be (-39)/(-6)*2 + -1. Let c be (w/(-9))/((-21)/18 + 1). Suppose c*g - 139 = 53. Calculate the greatest common divisor of 32 and g.
8
Let w(g) = -g**3 + 18*g**2 + 6*g + 267. Let d be w(19). Calculate the greatest common divisor of d and 16460.
20
Let g = -147 + 131. Let q be -34*6/g + 12/(-16). Suppose -3*k - 117 = -3*b, 5*b + k + 4*k - 165 = 0. Calculate the greatest common divisor of b and q.
12
Let n(v) = -v**3 - 8*v + 5. Let f be n(0). Suppose -2*j = -4*z - 3*j + 105, 2*z - f*j - 69 = 0. Calculate the highest common factor of z and 9.
9
Suppose -52 = 3*u + 4*t - 147, 0 = 7*u + 3*t - 209. What is the highest common factor of 1711 and u?
29
Let c be ((-13)/((-5)/(-5)))/(1/10). Let r be (22932/c)/(2/(-10)). What is the greatest common divisor of 18 and r?
18
Let c(g) = -117 + 119 + 6*g**2 - 4*g**2 + 34*g. Let o be c(-18). Let b = -26 + o. What is the greatest common divisor of b and 120?
12
Let u(a) = -a**2 - 4*a + 90. Let d be u(-12). Let l(r) = -114*r - 72. Let m be l(d). What is the greatest common factor of m and 17?
17
Let l(z) = 2*z**3 + 75*z**2 + 27*z - 47. Suppose 0*y + 4*y + 193 = -5*m, 4*y = -4*m - 156. Let j be l(m). What is the greatest common divisor of j and 17?
17
Suppose 3*v - 714 = -4*r, -r = 2*v - 84 - 92. Calculate the highest common divisor of r and 2250.
90
Suppose -5*r + 325 = 5*n, 423 = 5*r - 2*n + 133. Calculate the greatest common factor of r and 120.
60
Suppose -4*z + 1528 = 4*l, 14*z = 9*z - 3*l + 1894. Calculate the greatest common divisor of 289 and z.
17
Let m be 1 - 9 - -1 - (17 - 448). What is the highest common factor of 371 and m?
53
Suppose -118*q + 515 = 564 - 3825. Calculate the highest common factor of 568 and q.
8
Let q(x) = 5*x + 159. Let w(g) = 8*g + 239. Let u(z) = -7*q(z) + 5*w(z). Let s be u(-15). What is the greatest common divisor of 91 and s?
7
Suppose -4 = o + 2*f + 3, -o + 2*f = -13. Suppose -4 = 2*x, -o*x - 452 = -5*a + 1579. Calculate the highest common factor of 45 and a.
45
Suppose -38*v + 2392 + 392 = -14*v. Calculate the greatest common factor of 124 and v.
4
Let y be 1*(-40402)/(-26) - (7797/(-299) + 26). Calculate the highest common factor of 525 and y.
21
Let l = -3363 + 3379. Suppose 0 = 4*h - 3*z - 72, z - 22 = -2*h + 6*z. Suppose -5*m + 4*d = 1 - h, m = -5*d + 33. What is the highest common divisor of l and m?
8
Let c be 84/10*(10 - 210/28). Suppose -c*f = -19*f - 420. Calculate the greatest common divisor of f and 84.
42
Let y be 3/15 + 6/(-45)*-291. Let g be (1/2)/(y/12 + -3). Let m be 4*g/(2/13). What is the greatest common factor of m and 416?
52
Let o be (4 + 1*-12)*63/(-12). Suppose 2*w = 3*w + 2*a + 10, 5*w + 23 = -a. Let c(f) = -8*f - 18. Let t be c(w). What is the highest common factor of t and o?
14
Let r(v) = 7*v**2 - v - 1. Let k be -3*(2/(8/(-12)) + 2). Suppose -2*a + 0*a = t - 8, -k*a = -9. Let i be r(t). What is the greatest common factor of 50 and i?
25
Let b(r) = r**2 + 2*r + 16. Let x be b(0). Suppose -7*h = -205 - 75. What is the highest common divisor of h and x?
8
Let t be (-93)/(-9) - 8/24. Let n = -9 + t. Let p be (6/9)/n - (-520)/30. What is the highest common factor of 234 and p?
18
Suppose 3*c + r - 9 = 0, 4*r = -4*c + 142 - 138. Calculate the greatest common factor of c and 4.
4
Let y = 73 - -251. Let r(v) = 14*v - 48. Let p be r(6). Calculate the highest common divisor of p and y.
36
Let d be (70/(-245))/(3/(-3675)). What is the highest common divisor of d and 7525?
175
Let g(i) = 4 - 7*i**3 + 0 + 12*i**2 + 18*i + 4*i + 5*i**3. Let v be g(-2). What is the greatest common divisor of 136 and v?
8
Let y = 61092 - 61075. Let z = -11 + 16. Suppose -d - 4 = -z. Calculate the greatest common factor of d and y.
1
Suppose 8*t = -2*s + 3*t + 548, 822 = 3*s - 5*t. Suppose 2*g - 5*g + 270 = 4*o, 4*o = -5*g + s. What is the highest common divisor of 22 and o?
22
Let l = 2 - 